the greatest common divisor of 1656 and 2358.
18
Calculate the highest common divisor of 3839 and 169963.
349
What is the highest common divisor of 272504 and 1472?
184
Calculate the greatest common factor of 23 and 30084.
23
Calculate the greatest common divisor of 7322 and 35.
7
Calculate the highest common factor of 1643 and 29362.
53
What is the greatest common factor of 11696 and 1204?
172
What is the highest common factor of 92759 and 333?
37
What is the highest common divisor of 22488 and 3672?
24
Calculate the greatest common factor of 27 and 269604.
9
What is the greatest common divisor of 16635 and 75?
15
What is the highest common divisor of 2583304 and 776?
776
Calculate the highest common factor of 50 and 230225.
25
Calculate the greatest common factor of 1791856 and 2.
2
Calculate the highest common factor of 2070 and 74106.
414
Calculate the greatest common factor of 140325 and 75.
75
What is the greatest common divisor of 5247 and 103032?
477
Calculate the greatest common factor of 122583 and 4089.
87
What is the highest common factor of 781 and 158444?
11
What is the highest common divisor of 10895 and 15?
5
Calculate the greatest common factor of 8646 and 5280.
66
Calculate the highest common divisor of 94 and 139214.
94
What is the greatest common factor of 15 and 7940?
5
What is the greatest common divisor of 115 and 120830?
5
What is the highest common divisor of 1888 and 3232?
32
What is the greatest common divisor of 4360 and 9047?
109
Calculate the highest common divisor of 45582 and 18744.
426
What is the highest common factor of 12412 and 580?
116
What is the greatest common divisor of 105 and 177261?
21
Calculate the greatest common divisor of 1215 and 55161.
243
Calculate the highest common divisor of 1535 and 1952213.
307
Calculate the highest common factor of 33 and 2733.
3
What is the greatest common divisor of 56 and 11672?
8
What is the highest common divisor of 82 and 1336723?
41
What is the greatest common factor of 35 and 4578525?
35
Calculate the highest common divisor of 7011 and 627.
57
What is the greatest common divisor of 8062 and 10440?
58
What is the highest common factor of 296 and 49876?
148
What is the greatest common divisor of 207 and 102074?
23
What is the highest common factor of 9 and 124884?
9
What is the greatest common divisor of 6 and 240951?
3
What is the greatest common factor of 5830 and 2779744?
1166
What is the greatest common factor of 471789 and 1197?
171
Calculate the greatest common factor of 1449 and 526953.
483
Calculate the highest common factor of 736 and 5428.
92
Calculate the highest common factor of 10846 and 754.
58
What is the highest common divisor of 71 and 17892071?
71
Calculate the greatest common factor of 1701 and 17.
1
What is the highest common divisor of 283986 and 162?
162
Calculate the highest common divisor of 950 and 1891260.
190
What is the greatest common factor of 54626 and 117?
13
What is the greatest common divisor of 62975 and 11?
11
What is the greatest common divisor of 88 and 1183072?
88
Calculate the highest common divisor of 2562225 and 195.
15
What is the greatest common divisor of 925 and 2325?
25
What is the greatest common divisor of 171 and 19323?
171
What is the highest common factor of 184698 and 1488?
186
Calculate the greatest common divisor of 76866 and 36205.
557
Calculate the greatest common factor of 2282154 and 84.
42
What is the greatest common divisor of 129731 and 6896?
431
Calculate the greatest common divisor of 26411 and 2387.
77
Calculate the highest common factor of 13 and 95303.
13
What is the greatest common divisor of 717 and 84845?
239
Calculate the highest common factor of 24 and 846864.
24
What is the greatest common divisor of 51139 and 187?
11
What is the greatest common divisor of 61 and 2989?
61
What is the greatest common factor of 17633 and 36883?
77
What is the greatest common factor of 1428 and 516?
12
What is the greatest common divisor of 13850 and 88300?
50
Calculate the greatest common factor of 333889 and 699.
233
What is the highest common divisor of 127 and 415417?
127
What is the greatest common factor of 13377 and 105378?
273
What is the highest common divisor of 25991 and 26623?
79
What is the highest common factor of 163287 and 9?
9
What is the highest common divisor of 5058 and 87?
3
What is the greatest common factor of 282337 and 11?
11
What is the highest common factor of 22617 and 8975?
359
What is the greatest common factor of 16490 and 40?
10
What is the greatest common factor of 45500 and 26325?
325
What is the greatest common factor of 378 and 1596?
42
Calculate the greatest common factor of 272 and 376006.
34
What is the greatest common divisor of 135128 and 5054?
266
Calculate the greatest common divisor of 3296 and 28222.
206
What is the greatest common factor of 1876416 and 696?
696
What is the highest common factor of 90 and 35874?
18
Calculate the highest common divisor of 68208 and 84.
84
Calculate the greatest common divisor of 31235 and 5.
5
What is the greatest common factor of 27 and 155115?
27
Calculate the highest common factor of 80641 and 979.
11
What is the highest common factor of 286940 and 60?
20
Calculate the highest common divisor of 1 and 242747.
1
What is the greatest common factor of 12130 and 220?
10
Calculate the greatest common factor of 50 and 36620.
10
Calculate the highest common factor of 187 and 35299.
11
What is the highest common factor of 126 and 715470?
42
Calculate the highest common divisor of 156697 and 568.
71
What is the greatest common divisor of 418 and 390127?
19
What is the highest common factor of 1998 and 962?
74
Calculate the highest common divisor of 666168 and 192.
24
What is the greatest common divisor of 150 and 11650?
50
What is the highest common divisor of 1680 and 5872?
16
What is the greatest common factor of 41574 and 164?
82
Calculate the greatest common divisor of 93190 and 32.
2
What is the greatest common factor of 6649 and 6976?
109
What is the highest common divisor of 496 and 3936752?
496
Calculate the greatest common factor of 22 and 36113.
11
What is the highest common factor of 3213 and 14175?
189
Calculate the greatest common divisor of 5714 and 122.
2
What is the greatest common factor of 274 and 1238?
2
What is the highest common divisor of 8 and 233594?
2
What is the greatest common divisor of 14 and 46586?
2
Calculate the greatest common divisor of 1602935 and 19.
19
What is the greatest common factor of 5094 and 1251?
9
Calculate the greatest common factor of 90 and 28098.
18
Calculate the highest common factor of 1508 and 1740.
116
What is the highest common factor of 2461064 and 8?
8
What is the greatest common divisor of 340 and 52445?
85
Calculate the greatest common divisor of 260 and 12965.
5
What is the greatest common divisor of 695823 and 6987?
411
Calculate the greatest common divisor of 3443926 and 1228.
614
What is the highest common factor of 724833 and 9?
9
What is the greatest common factor of 234 and 5538?
78
Calculate the highest common factor of 1380 and 315330.
690
Calculate the greatest common divisor of 1118 and 5174.
26
Calculate the greatest common factor of 306881 and 13914.
773
Calculate the greatest common factor of 3573 and 1314.
9
Calculate the greatest common divisor of 3127 and 1272.
53
Calculate the highest common factor of 17215 and 415.
5
Calculate the greatest common divisor of 594 and 1122.
66
Calculate the highest common divisor of 12919 and 2.
1
Calculate the highest common divisor of 24 and 31782.
6
Calculate the highest common divisor of 72 and 48648.
24
What is the highest common divisor of 63784 and 560?
56
What is the greatest common divisor of 180 and 3440?
20
Calculate the greatest common factor of 210 and 7290.
30
What is the greatest common factor of 1550 and 48360?
310
What is the highest common divisor of 83666 and 22?
22
Calculate the greatest common factor of 4333376 and 512.
64
What is the greatest common factor of 37818 and 165?
33
Calculate the highest common factor of 229276 and 172.
172
What is the highest common factor of 63450 and 594?
54
What is the highest common factor of 210 and 2202?
6
What is the highest common factor of 2505 and 295?
5
What is the grea